f(u) = 238*u + 5244. What is f(-23)?
-230
Let x(b) = b**3 + 174*b**2 + 205*b + 2991. What is x(-173)?
-2545
Let s(d) = d**3 - 39*d**2 + 61*d + 1666. Give s(36).
-26
Let y(a) = a**3 - 97*a**2 + 97*a - 68. Calculate y(96).
28
Let i(j) = -1952*j + 13842. Calculate i(7).
178
Let d(g) = -2*g**3 - 17*g**2 - 6*g - 48. What is d(-8)?
-64
Let t(i) = i**3 - 3284*i**2 + 174391*i + 1559. Give t(54).
-7
Let i(w) = 20*w**2 + 3522*w + 3534. What is i(-175)?
-316
Let a(h) = -2277*h - 289113. What is a(-127)?
66
Let q(g) = -144*g**2 - 9056*g + 1017. Determine q(-63).
9
Let t(a) = -6*a**3 + 216*a**2 + 4*a + 54. Give t(36).
198
Let h(v) = -v**3 - 53*v**2 - 1350*v - 68190. Give h(-52).
-694
Let m(q) = q**3 - 44*q**2 + 123*q - 7044. What is m(46)?
2846
Let w(x) = -9*x**2 - 1150*x - 5716. What is w(-5)?
-191
Let p(b) = b**2 - 8871*b - 2149252. Calculate p(-236).
0
Let b(t) = 37*t**2 - 25591*t - 51308. Calculate b(-2).
22
Let l(z) = -z**3 + 187*z**2 + 514*z + 10691. Calculate l(190).
51
Let l(w) = 3*w**2 + 70020*w + 420110. Calculate l(-6).
98
Let r(v) = 10033*v - 30075. What is r(3)?
24
Let f(t) = -692*t - 50316. What is f(-72)?
-492
Let k(l) = -2188*l - 525109. Give k(-240).
11
Let q(d) = -4095*d - 1150677. Give q(-281).
18
Let f(r) = 18509*r - 9735737. Determine f(526).
-3
Let x(v) = v**2 + 281540*v + 3659854. Calculate x(-13).
3
Let h(w) = -2965*w + 358666. Give h(121).
-99
Let x(d) = 181364*d - 8886826. Determine x(49).
10
Let r(k) = 4*k**3 - 95*k**2 - 382*k + 13. Give r(27).
-824
Let k(f) = 10*f**2 - 8269*f + 41213. What is k(5)?
118
Let s(l) = 2*l**3 + 1040*l**2 - 64*l - 33297. What is s(-520)?
-17
Let s(b) = b**3 + 49*b**2 + 1409*b + 4923. What is s(-4)?
7
Let k(t) = 4*t**3 - 397*t**2 + 406*t - 70596. Determine k(100).
4
Let l(p) = 2*p**3 + 35*p**2 + 13*p - 15. Determine l(-22).
-4657
Let m(j) = 2*j**3 - 235*j**2 + 122*j + 446. What is m(117)?
1031
Let v(o) = 30*o**2 - 354*o - 1607. Determine v(-4).
289
Let j(m) = -m**3 + 20*m**2 + 259*m + 143. What is j(-8)?
-137
Let r(t) = -541300*t + 1082620. What is r(2)?
20
Let v(n) = -14*n**3 - 10*n**2 - 972*n - 961. Give v(-1).
15
Let o(c) = -266*c**3 - 1336*c**2 - 39*c - 39. Give o(-5).
6
Let y(l) = -148*l**2 - 1567*l + 683. Give y(-11).
12
Let x(o) = -o**3 + 49*o**2 + 108*o - 307. Calculate x(51).
-1
Let u(w) = -4*w**3 + 8*w**2 + 108*w - 309. Determine u(3).
-21
Let z(j) = -63917*j + 255624. Calculate z(4).
-44
Let x(w) = -15713*w + 345715. Give x(22).
29
Let l(x) = -272*x**2 - 10510*x - 6632. Determine l(-38).
-20
Let b(t) = -320902*t - 3850829. What is b(-12)?
-5
Let l(b) = 20121*b + 342196. Calculate l(-17).
139
Let m(f) = f**3 + 67*f**2 - 202*f - 10092. What is m(-68)?
-980
Let h(f) = 2497*f - 42101. Give h(18).
2845
Let m(i) = 2*i**3 + 40*i**2 + 41*i + 982. What is m(-20)?
162
Let j(a) = 1040*a + 216318. Give j(-208).
-2
Let r(f) = -5*f**3 - 2131*f**2 - 10537*f - 12. Determine r(-5).
23
Let f(b) = -b**3 - 5*b**2 + 27100*b + 216599. Calculate f(-8).
-9
Let z(u) = u**3 - 25*u**2 - 3*u + 182. What is z(26)?
780
Let b(k) = -2*k**3 + 192*k**2 - 197*k + 3. What is b(95)?
-662
Let z(v) = 18412*v - 1178349. Give z(64).
19
Let t(l) = -l**2 + 67*l + 66369. Give t(-226).
151
Let h(i) = 553*i - 2015. Calculate h(5).
750
Let b(d) = 49327*d - 345505. What is b(7)?
-216
Let p(z) = 779*z + 14547. Calculate p(-20).
-1033
Let b(x) = x**3 - 76*x**2 - 18*x + 7. Determine b(76).
-1361
Let n(k) = 10*k**3 + 279*k**2 - 6446*k + 67. Give n(15).
-98
Let s(y) = y**2 - 115*y + 1069. Give s(105).
19
Let s(b) = -2*b**3 - 39*b**2 - 137*b + 85. Determine s(-15).
115
Let c(g) = -1257*g + 120686. Give c(96).
14
Let x(o) = 8757*o + 24528. Calculate x(-3).
-1743
Let w(v) = 3*v**2 - 64407*v - 322102. Calculate w(-5).
8
Let w(d) = -4970*d + 800172. What is w(161)?
2
Let h(r) = -7*r**2 + 9513*r + 18987. What is h(-2)?
-67
Let y(h) = -311*h**2 - 2105*h + 406. What is y(-7)?
-98
Let c(a) = 6614*a - 93. What is c(0)?
-93
Let y(w) = 2*w**3 + 80*w**2 - 387*w - 22537. Determine y(-37).
-4
Let o(a) = 28*a**2 - 1883*a + 29557. Give o(25).
-18
Let g(k) = 2*k**3 - 297*k**2 + 129*k + 2703. Determine g(148).
-109
Let h(g) = 12*g**2 - 1803*g + 2111. Determine h(149).
-124
Let n(l) = 2701*l**2 - 64*l + 62. Give n(1).
2699
Let w(x) = -3*x**2 - 1039*x - 28416. Give w(-30).
54
Let w(r) = -40*r + 518. Calculate w(37).
-962
Let n(g) = g**3 + 4408*g**2 - 13069*g - 480. What is n(3)?
12
Let q(h) = 43*h**2 - 483*h - 4. Determine q(7).
-1278
Let g(y) = -y**3 + 194*y**2 + 6931*y - 47267. Calculate g(224).
-3
Let f(v) = 3024*v + 6022. What is f(-2)?
-26
Let k(h) = 2*h**3 + 62*h**2 - 274*h + 167. Give k(-35).
-43
Let x(d) = -25*d + 3569. Calculate x(122).
519
Let v(s) = -76*s**2 - 961*s - 2497. Calculate v(-9).
-4
Let m(b) = 9814*b - 107923. Give m(11).
31
Let x(r) = -7179*r - 50188. What is x(-7)?
65
Let d(s) = 216*s**3 - 13*s**2 + 151*s + 151. Calculate d(-1).
-229
Let s(r) = -8443*r + 118223. Calculate s(14).
21
Let h(f) = 2*f**2 - 170*f + 3353. Calculate h(51).
-115
Let o(b) = 6*b**2 - 1334*b - 386787. What is o(-166)?
-7
Let x(n) = -83082*n - 913927. Give x(-11).
-25
Let m(b) = -b**2 + 1982*b - 27730. What is m(14)?
-178
Let w(d) = 110*d**2 + 1147*d - 37. Calculate w(-11).
656
Let m(w) = w**3 - 82*w**2 - 16*w + 7720. Calculate m(81).
-137
Let q(y) = -2*y**3 - 36*y**2 - 27*y - 43. What is q(-17)?
-162
Let u(s) = 6*s**3 + 52*s**2 + 75*s + 189. Calculate u(-8).
-155
Let r(x) = 1785*x - 58929. Give r(33).
-24
Let s(z) = 143*z**2 - 68*z - 107. Give s(-2).
601
Let c(x) = -x**3 - 35*x**2 - 93*x - 9724. Give c(-39).
-13
Let z(g) = -10*g + 230. Give z(11).
120
Let t(v) = 3*v**3 + 200*v**2 - 273*v - 123. Determine t(-68).
-55
Let x(k) = -k**3 + 104*k**2 - 2478*k - 31. Calculate x(67).
36
Let d(a) = -2*a**2 - 972*a + 34804. What is d(34)?
-556
Let b(d) = -8*d**2 + 855*d + 15734. Calculate b(-16).
6
Let h(a) = 213*a**2 - 2295*a + 1657. What is h(10)?
7
Let y(q) = 800*q - 69587. What is y(81)?
-4787
Let n(w) = -239*w - 3409. Give n(-15).
176
Let f(g) = g**2 - 404*g - 55594. Determine f(-108).
-298
Let x(r) = 5460*r + 28015. What is x(-5)?
715
Let d(m) = -2*m**2 + 55006*m - 220014. Calculate d(4).
-22
Let x(f) = -2*f**2 + 206818*f - 827241. What is x(4)?
-1
Let h(n) = 4*n**3 - 184*n**2 - 1956*n + 215. Give h(-9).
-1
Let r(c) = -67997*c + 68650. Calculate r(1).
653
Let x(s) = 1304*s**2 + 1186640*s - 2. Give x(-910).
-2
Let i(q) = -q**3 + 133*q**2 - 4394*q - 561. Calculate i(71).
7
Let m(s) = -86*s + 3310. What is m(38)?
42
Let t(v) = -2*v**3 - 3*v**2 + 17*v + 353. What is t(0)?
353
Let b(w) = -w**3 + 89*w**2 + 5*w - 1247. Give b(89).
-802
Let v(q) = -q**3 - 132*q**2 - 7*q - 1269. Determine v(-132).
-345
Let j(i) = 12*i**3 - 4*i**2 - 9190*i - 9186. Determine j(-1).
-12
Let p(o) = -o**3 + 7*o**2 + 670*o - 5150. Give p(8).
146
Let r(j) = -2*j**3 + 237*j**2 + 367*j - 913. Give r(120).
-73
Let f(q) = -q**2 - 303*q - 10339. Give f(-263).
181
Let t(w) = -6*w**3 + 70*w**2 + 63*w - 27. Give t(13).
-560
Let g(f) = 27*f**2 + 450*f + 1056. What is g(-15)?
381
Let s(v) = 51178*v - 563019. Calculate s(11).
-61
Let f(h) = 51*h**3 + 32*h**2 - 10*h - 8. Calculate f(-2).
-268
Let g(u) = -u**3 - 6*u**2 + 405*u + 205. Give g(-23).
-117
Let x(k) = -19*k**2 - 254*k - 1441. What is x(-6)?
-601
Let z(f) = -f**2 + 652*f + 105327. Determine z(-134).
3
Let b(h) = -13*h**3 + 3*h**2 - 68*h - 3. Determine b(3).
-531
Let y(u) = -234235*u - 7495513. Determine y(-32).
7
Let s(w) = 3*w**3 + 165*w**2 + 1969*w + 7. Give s(-37).
1080
Let o(p) = -p**3 - 273*p**2 + 40*p + 10932. Give o(-273).
12
Let x(p) = -7188*p - 14133. Give x(-2).
243
Let m(w) = 230613*w + 9455163. What is m(-41)?
30
Let x(p) = 1855*p + 610329. What is x(-329)?
34
Let s(a) = -4*a**2 + 154*a + 2977. Determine s(-17).
-797
Let d(n) = -15*n**2 - 1313*n - 4417. What is d(-84)?
35
Let t(n) = -459521*n + 13785615. Give t(30).
-15
Let w(g) = -11*g**3 - 213*g**2 + 1215*g - 124. Give w(-24).
92
Let y(h) = -677*h + 19784. What is y(29)?
151
Let y(g) = 2*g**3 - 9*g**2 + 85*g + 40. Calculate y(9).
1534
Let g(z) = -8609*z + 886727. Calculate g(103).
0
Let q(o) = 6273*o - 31313. Give q(5).
52
Let o(b) = -b**3 + 72*b**2 - 80*b + 14. What is o(1)?
5
Let n(w) = -2393*w + 141093. Give n(59).
-94
Let u(x) = -34*x**2 - 2007*x - 1903. What is u(-58)?
127
Let w(n) = -2